1.
3, 7, 661
What are the prime factors of 15415?
5, 3083
What are the prime factors of 2017?
2017
What are the prime factors of 5155?
5, 1031
What are the prime factors of 113157?
3, 11, 127
List the prime factors of 33412.
2, 8353
List the prime factors of 6114.
2, 3, 1019
List the prime factors of 241.
241
What are the prime factors of 6360?
2, 3, 5, 53
What are the prime factors of 11610?
2, 3, 5, 43
List the prime factors of 2296.
2, 7, 41
What are the prime factors of 22841?
7, 13, 251
What are the prime factors of 8621?
37, 233
List the prime factors of 11692.
2, 37, 79
List the prime factors of 377.
13, 29
What are the prime factors of 2879?
2879
List the prime factors of 27258.
2, 3, 7, 11, 59
List the prime factors of 34474.
2, 11, 1567
List the prime factors of 10543.
13, 811
List the prime factors of 449.
449
List the prime factors of 826.
2, 7, 59
What are the prime factors of 15393?
3, 7, 733
List the prime factors of 32271.
3, 31, 347
What are the prime factors of 11660?
2, 5, 11, 53
List the prime factors of 875.
5, 7
What are the prime factors of 8430?
2, 3, 5, 281
What are the prime factors of 33529?
33529
What are the prime factors of 37879?
37879
List the prime factors of 1309.
7, 11, 17
What are the prime factors of 1058?
2, 23
What are the prime factors of 40407?
3, 13469
What are the prime factors of 141064?
2, 7, 11, 229
List the prime factors of 3362.
2, 41
What are the prime factors of 5607?
3, 7, 89
What are the prime factors of 9425?
5, 13, 29
List the prime factors of 602.
2, 7, 43
What are the prime factors of 42592?
2, 11
List the prime factors of 8602.
2, 11, 17, 23
What are the prime factors of 26499?
3, 11, 73
What are the prime factors of 4564?
2, 7, 163
What are the prime factors of 20716?
2, 5179
What are the prime factors of 4293?
3, 53
What are the prime factors of 2220?
2, 3, 5, 37
List the prime factors of 3117.
3, 1039
List the prime factors of 31799.
31799
What are the prime factors of 5105?
5, 1021
What are the prime factors of 1950?
2, 3, 5, 13
What are the prime factors of 25546?
2, 53, 241
What are the prime factors of 475?
5, 19
List the prime factors of 16344.
2, 3, 227
List the prime factors of 10131.
3, 11, 307
List the prime factors of 9406.
2, 4703
List the prime factors of 10929.
3, 3643
List the prime factors of 2782.
2, 13, 107
What are the prime factors of 1356?
2, 3, 113
What are the prime factors of 3103?
29, 107
List the prime factors of 1464.
2, 3, 61
List the prime factors of 26980.
2, 5, 19, 71
What are the prime factors of 5021?
5021
What are the prime factors of 31613?
101, 313
List the prime factors of 773.
773
List the prime factors of 1245.
3, 5, 83
List the prime factors of 3972.
2, 3, 331
List the prime factors of 5000.
2, 5
List the prime factors of 21404.
2, 5351
List the prime factors of 5760.
2, 3, 5
What are the prime factors of 27437?
27437
What are the prime factors of 17560?
2, 5, 439
List the prime factors of 1840.
2, 5, 23
List the prime factors of 13285.
5, 2657
List the prime factors of 5444.
2, 1361
What are the prime factors of 22513?
47, 479
What are the prime factors of 100105?
5, 20021
What are the prime factors of 6064?
2, 379
What are the prime factors of 19150?
2, 5, 383
What are the prime factors of 2874?
2, 3, 479
List the prime factors of 49490.
2, 5, 7, 101
List the prime factors of 8921.
11, 811
List the prime factors of 15012.
2, 3, 139
What are the prime factors of 1565?
5, 313
List the prime factors of 17175.
3, 5, 229
List the prime factors of 621.
3, 23
What are the prime factors of 8422?
2, 4211
List the prime factors of 6094.
2, 11, 277
List the prime factors of 22121.
11, 2011
List the prime factors of 11201.
23, 487
List the prime factors of 8112.
2, 3, 13
List the prime factors of 1103.
1103
What are the prime factors of 4701?
3, 1567
What are the prime factors of 21788?
2, 13, 419
List the prime factors of 1619.
1619
List the prime factors of 18045.
3, 5, 401
List the prime factors of 74987.
11, 17, 401
List the prime factors of 45105.
3, 5, 31, 97
What are the prime factors of 737?
11, 67
List the prime factors of 247.
13, 19
What are the prime factors of 28894?
2, 14447
What are the prime factors of 744?
2, 3, 31
What are the prime factors of 7602?
2, 3, 7, 181
What are the prime factors of 446?
2, 223
What are the prime factors of 29252?
2, 71, 103
What are the prime factors of 1458?
2, 3
List the prime factors of 36778.
2, 7, 37, 71
List the prime factors of 2341.
2341
List the prime factors of 1665.
3, 5, 37
What are the prime factors of 79?
79
What are the prime factors of 1491?
3, 7, 71
List the prime factors of 5891.
43, 137
What are the prime factors of 35277?
3, 11, 1069
What are the prime factors of 751?
751
What are the prime factors of 528?
2, 3, 11
What are the prime factors of 1190?
2, 5, 7, 17
List the prime factors of 63763.
7, 9109
What are the prime factors of 28506?
2, 3, 4751
List the prime factors of 41280.
2, 3, 5, 43
List the prime factors of 15541.
15541
List the prime factors of 1386.
2, 3, 7, 11
What are the prime factors of 3079?
3079
What are the prime factors of 4043?
13, 311
List the prime factors of 808.
2, 101
What are the prime factors of 2556?
2, 3, 71
What are the prime factors of 15172?
2, 3793
List the prime factors of 424.
2, 53
List the prime factors of 12443.
23, 541
List the prime factors of 4287.
3, 1429
What are the prime factors of 6086?
2, 17, 179
List the prime factors of 2124.
2, 3, 59
What are the prime factors of 1832?
2, 229
List the prime factors of 4099.
4099
List the prime factors of 1023.
3, 11, 31
What are the prime factors of 53119?
11, 439
List the prime factors of 9968.
2, 7, 89
List the prime factors of 1653.
3, 19, 29
What are the prime factors of 127310?
2, 5, 29, 439
What are the prime factors of 3905?
5, 11, 71
List the prime factors of 6563.
6563
What are the prime factors of 1733?
1733
What are the prime factors of 5614?
2, 7, 401
List the prime factors of 110982.
2, 3, 53, 349
What are the prime factors of 9083?
31, 293
List the prime factors of 21609.
3, 7
What are the prime factors of 8135?
5, 1627
What are the prime factors of 1693?
1693
What are the prime factors of 12971?
7, 17, 109
List the prime factors of 354.
2, 3, 59
List the prime factors of 8072.
2, 1009
What are the prime factors of 8637?
3, 2879
What are the prime factors of 1594?
2, 797
List the prime factors of 85.
5, 17
List the prime factors of 29782.
2, 14891
List the prime factors of 971.
971
List the prime factors of 742.
2, 7, 53
What are the prime factors of 11487?
3, 7, 547
What are the prime factors of 859?
859
List the prime factors of 15001.
7, 2143
List the prime factors of 1558.
2, 19, 41
List the prime factors of 63166.
2, 31583
List the prime factors of 25867.
25867
List the prime factors of 113751.
3, 11, 383
What are the prime factors of 75?
3, 5
What are the prime factors of 15657?
3, 17, 307
List the prime factors of 801.
3, 89
What are the prime factors of 7793?
7793
What are the prime factors of 58945?
5, 11789
What are the prime factors of 1728?
2, 3
List the prime factors of 5720.
2, 5, 11, 13
What are the prime factors of 6808?
2, 23, 37
List the prime factors of 2510.
2, 5, 251
List the prime factors of 1184.
2, 37
What are the prime factors of 3696?
2, 3, 7, 11
List the prime factors of 9231.
3, 17, 181
What are the prime factors of 10601?
10601
List the prime factors of 2091.
3, 17, 41
What are the prime factors of 38511?
3, 11, 389
List the prime factors of 132.
2, 3, 11
List the prime factors of 1242.
2, 3, 23
What are the prime factors of 1330?
2, 5, 7, 19
List the prime factors of 98294.
2, 7, 17, 59
What are the prime factors of 160?
2, 5
What are the prime factors of 4559?
47, 97
What are the prime factors of 5774?
2, 2887
What are the prime factors of 8985?
3, 5, 599
List the prime factors of 55272.
2, 3, 7, 47
List the prime factors of 404.
2, 101
What are the prime factors of 30579?
3, 10193
List the prime factors of 5985.
3, 5, 7, 19
What are the prime factors of 444?
2, 3, 37
What are the prime factors of 2052?
2, 3, 19
List the prime factors of 43892.
2, 10973
List the prime factors of 7055.
5, 17, 83
What are the prime factors of 36225?
3, 5, 7, 23
List the prime 